-15 + 120. Suppose 0*w = -3*w + 63. Let v = 6 + w. What is the remainder when x is divided by v?
24
Let h(l) = l**2 + 5*l + 14. What is the remainder when 71 is divided by h(-3)?
7
Let i = 117 - -75. What is the remainder when 110 is divided by 3/(4/(i/(-9)))*-1?
14
What is the remainder when 203 is divided by (-18)/21*(-1190)/15?
67
Let m(l) = l**2 - 16*l + 72. Calculate the remainder when 966 is divided by m(5).
14
Let n(d) = -3*d + 68. Let t(y) = -y + 23. Let c(f) = 4*n(f) - 11*t(f). What is the remainder when c(5) is divided by 8?
6
Let n = 71 + -40. Calculate the remainder when n is divided by ((-20)/12)/5*(-30 + -3).
9
Suppose -247*l + 238*l + 21672 = 0. What is the remainder when l is divided by 33?
32
Let o(r) = r**2 + 12*r + 5. Let q be o(-11). Let v be q/4*(-168)/(-18). Let i = v + 15. Calculate the remainder when i is divided by 1.
0
Let a(m) = -13*m**3 + m**2 - 4*m**3 - 2*m**3. What is the remainder when 10 - 10 - -2*29 is divided by a(-1)?
18
Suppose -30*s + 151 - 32 = -61. Suppose -4*y + 24 = -64. Calculate the remainder when y is divided by s.
4
Suppose 17*r = 22 + 12. What is the remainder when (5/10)/(r/140) is divided by 21?
14
Suppose -b - 8 = -31. Calculate the remainder when 66 is divided by b.
20
Let t = 98 + -70. Calculate the remainder when (-7)/t - (-3)/(12/197) is divided by 13.
10
Let u(w) = 40*w**2 - 13*w - 15. Calculate the remainder when u(-1) is divided by 9.
2
Suppose 4*n + 68 = 5*j, -j + 12 + 1 = -n. Suppose 42 + 150 = j*s. Calculate the remainder when 21 is divided by s.
9
Suppose 12 = -5*q - 4*h + 3, 0 = -3*q - 2*h - 5. Let a = 5 + 1. Calculate the remainder when 4 + q*(-3 + -4) is divided by a.
5
Let b = 125 - 84. Let z(q) = -q. Let i(s) = 8*s + 2. Let o(a) = i(a) + 5*z(a). What is the remainder when b is divided by o(4)?
13
Suppose -5*a + 5*z + 90 = 0, -3*a + z = -17 - 31. Calculate the remainder when 64/(-30) + 2 + 5 + (-2301)/(-45) is divided by a.
11
What is the remainder when 178 is divided by ((-4)/3)/(18/(-351))?
22
Let q be (-2)/3 - (-17)/3. Suppose 69 = q*d - 51. Calculate the remainder when d is divided by -2 + 1 + 4 + 6.
6
Suppose 10*q - 6098 = -5628. Let g = 6 - 4. Suppose 34 = 2*f - a, -g*f - 5*a = -0*f - 22. Calculate the remainder when q is divided by f.
15
Let o = -1283 + 1356. Calculate the remainder when 287 is divided by o.
68
Suppose -16*f + 10*f = -1548. Let a = -171 + f. Calculate the remainder when a is divided by 19.
11
Let d(h) = h**2 + 14*h + 29. Let r be d(-13). Suppose -17*g + 15 = -r*g. Let c = 54 - 27. What is the remainder when c is divided by g?
12
Suppose 0 = 5*z - 38 + 18. Suppose h - z*h + 48 = 0. What is the remainder when 61 is divided by h?
13
What is the remainder when ((-45)/4)/((-10)/40) is divided by 13?
6
Suppose 3*y - z - 592 = 0, 3*z = -5*y + z + 1005. What is the remainder when y is divided by 40?
39
Suppose 48*i = 44*i. Suppose 2*v + i*v - b - 126 = 0, -v + 57 = b. Calculate the remainder when v is divided by 32.
29
Calculate the remainder when 18 + 1 - (6 + (-11 - 2)) is divided by 14.
12
Suppose n + 0*n - 2 = 0. Suppose -314 = -3*h + 2*j, -2*h - 522 = -7*h + n*j. Calculate the remainder when h is divided by 35.
34
Let v(x) = 29*x + 158. Calculate the remainder when 408 is divided by v(-5).
5
Suppose 0*v + 4*v = 0. Let b = v - -14. Suppose 5*d = -n + b, 0 + 4 = -2*d + 2*n. What is the remainder when 2 is divided by d?
0
Suppose 3*b - 123 - 60 = 0. What is the remainder when 239 is divided by b?
56
What is the remainder when 5358/15 - (1 + (-6)/(-30)) is divided by 51?
50
Suppose 4*t - 8*d = -3*d + 1917, -2*t - 2*d + 954 = 0. What is the remainder when t is divided by 32?
30
Let i(j) be the first derivative of j**4/4 + 10*j**3/3 + 9*j**2/2 + 11*j + 32. What is the remainder when 62 is divided by i(-9)?
7
Suppose 0 = -64*o + 9829 + 4315. What is the remainder when o is divided by 15?
11
Let l(w) = -3*w + 2*w + 1 + 2*w**2 + w**3 - 3*w + 2*w. Let j be l(1). Suppose j*r - 37 = 17. What is the remainder when 80 is divided by r?
26
Let r(n) = -2*n**3 - 6*n**2 - 3*n + 6. Let q be r(-5). Suppose -1019 - q = -12*g. What is the remainder when g is divided by 21?
11
Suppose -201 - 204 = -5*c. What is the remainder when c is divided by 1105/51 + 1 + 10/(-6)?
18
Let k(q) = 2*q**3 - q**2 - q - 5. Let p be k(-3). Let j = 73 + p. Calculate the remainder when 23 is divided by j.
7
Let n(t) = t**3 + 15*t**2 - 9*t - 31. Calculate the remainder when n(-15) is divided by 28.
20
What is the remainder when 179 is divided by 2/(6/(-252)*-7)?
11
Let i = -289 + 341. Calculate the remainder when 111 is divided by i.
7
Let l = -385 - -543. Calculate the remainder when l is divided by 53.
52
Let w(q) = 5*q**2 - q + 4. What is the remainder when 173 is divided by w(3)?
35
Let u = 33 - 2. Suppose -378 + 214 = -2*d. Calculate the remainder when d is divided by u.
20
Let y(i) = -i**2 + 13*i - 23. What is the remainder when y(3) is divided by 7?
0
Calculate the remainder when (-1)/9 + (-5)/(405/(-11673)) is divided by 34.
8
Let z(y) = 3*y - 15. Let m(i) = 5*i - 32. Let d(j) = 2*m(j) - 5*z(j). Calculate the remainder when 154 is divided by d(-3).
24
Let n(d) = 6*d + 6. Let w be n(7). Suppose 57 = 5*v - w. Calculate the remainder when v is divided by 13.
8
Let f = 16 + -23. Calculate the remainder when 48 is divided by 111/12 - f/((-56)/(-6)).
8
Suppose -1 = y, 0 = 2*m + y - 4*y - 65. Let u = 52 + m. Calculate the remainder when u is divided by 22.
17
Suppose -4 = -20*o + 16*o. What is the remainder when 1 is divided by o?
0
Let f(t) = 5 + 4*t - t**2 - 5 - 3 + 0*t**2. Let z be f(3). Let a = z + 10. Calculate the remainder when a is divided by 6.
4
Let z be (3 - (-15)/(-2))*-2. Suppose 0 = -2*s - 6, -3*s - 46 - z = -2*g. Calculate the remainder when 66 is divided by g.
20
Suppose 7*i - 10*i + 21 = 0. Suppose -7*v - 10 = -9*v. Let m(x) = -x**3 + 5*x**2 + 2*x + 7. Calculate the remainder when m(v) is divided by i.
3
Let v = -1336 - -1437. What is the remainder when v is divided by 34?
33
Calculate the remainder when 95 is divided by (7/2)/((-4)/168*-7).
11
Let n(q) = 2*q**3 + 11*q**2 - 2*q - 5. Calculate the remainder when 147 is divided by n(-5).
27
Let c(g) = 6*g + 2. Let t(b) = -b - 13. Let s be t(-14). Let v = 69 - 40. What is the remainder when v is divided by c(s)?
5
Suppose 0 = 4*b - 9*b + 15. Suppose 0 = b*s - 38 + 5. What is the remainder when 26 is divided by s?
4
Suppose -10*c + 11*c = -12. Let z = c - -35. Calculate the remainder when 112 is divided by z.
20
Let m = 619 + -593. What is the remainder when 150 is divided by m?
20
Let g(y) = -y**3 + 8*y**2 - 7*y + 11. Calculate the remainder when 28 is divided by g(7).
6
Suppose -m + 0*m + 32 = 0. What is the remainder when (-4)/(-10)*(-25)/15 - 370/(-6) is divided by m?
29
What is the remainder when 39 is divided by ((-144)/(-32))/((-1)/(-6))?
12
Suppose 3*d + 0 = 6. Suppose -i + 5*y - 3 = 0, 44 + 32 = 3*i + d*y. What is the remainder when i is divided by 8?
6
Let c(h) = -8*h - 2*h**2 + h**2 + 35 - 6*h + 20*h. What is the remainder when 103 is divided by c(9)?
7
Suppose 111 = l + 61. Calculate the remainder when 187 is divided by l.
37
Let k = 243 - 167. Let f(r) = 4*r**3 - 11*r + 10. What is the remainder when k is divided by f(2)?
16
Let c(w) = w**3 + 8*w**2 - 9*w - 5. Let v = 3 - 12. Let d be c(v). Let g(o) = o**2 + o - 4. Calculate the remainder when 59 is divided by g(d).
11
Let i = -123 + 185. Let c(b) = b**3 + 5*b**2 - 7*b + 7. Calculate the remainder when i is divided by c(-6).
10
Let g(k) = k**2 + 2*k - 35. Let d be g(5). Calculate the remainder when (4/2)/((-1)/(-27)) is divided by (-1 - 0 - d)/((-48)/912).
16
Let y = -1093 - -1101. Let r(q) = -q**2 - 10*q - 11. Calculate the remainder when y is divided by r(-8).
3
Suppose -9*n + 22 + 77 = 0. Calculate the remainder when 109 is divided by n.
10
Calculate the remainder when 52 + 2 + 0 + -7 is divided by 17.
13
Suppose -z = -17 + 22, -4*j = 2*z - 1354. Calculate the remainder when j is divided by 124.
93
Let u = -1557 + 1606. What is the remainder when u is divided by 33?
16
Suppose 0 = -z + 5*z + 4*j - 452, -2*j - 125 = -z. Let q = z - 72. Suppose 4*l - p - q = 0, 5*l + 2*p - 56 = 3*p. What is the remainder when 31 is divided by l?
9
Suppose -4*q - v + 1760 = 3*v, 0 = 5*v - 10